3
Evaluate 37 - 16 - (60 - 17).
-22
-49 + 52 + -12 + (-1 - (-2 + -5))
-3
What is the value of 19 + (-57 - -35) - (-5 - -1)?
1
What is -9 - (7 - (13 - 6) - 4) - 3?
-8
-2 + -3 + 3 + -1 + 10 + -24
-17
Evaluate -1 + 13 + 0 + -5 + -20.
-13
Evaluate -7 + -8 + (54 - 30).
9
Calculate -17 + 1 - (-11 - (-2 - (-4 + 7))).
-10
What is the value of -4 + (-8 - (-5 + -6)) - (-1 + -7)?
7
Calculate 0 + 21 + (-15 - (9 + 0 + -26)).
23
What is the value of 177 - 173 - (15 + -1)?
-10
What is the value of 0 + (-19 + -4 + 16 - -13)?
6
Calculate 2 + -10 + 4 + -20 + 9 + 2.
-13
What is the value of -72 + 57 - (-20 - -29)?
-24
Calculate (-7 + -10 + 28 - -1) + -10.
2
-2 + -1 + (-12 - (-7 + -12)) + -1
3
What is 84 - 87 - (4 + (0 - 2))?
-5
Evaluate 4 - 5 - (47 + -21) - (10 + -5).
-32
Evaluate (0 - -7) + (-50 + 111 - 70).
-2
What is 13 + (10 - 7 - 7 - 2)?
7
What is -11 - (13 - 32) - (1 + -3 + -4)?
14
-16 - (1 + 14 - (40 + 0))
9
What is the value of -8 - (1 + -1 + -4) - 2?
-6
Calculate 10 - ((55 - 29) + 16).
-32
What is -11 + 5 + -13 + 8?
-11
Evaluate 9 + -18 + 7 - (5 + -8).
1
What is -1 + -8 + -7 - (-3 + -4)?
-9
-21 + 16 + 21 - 17 - 1
-2
7 - (8 + 0 - (-40 - (-64 - -4)))
19
What is (3 - 30 - (4 + -1)) + 12?
-18
What is the value of -5 - (-37 - (-15 + 9 + 5) - -7)?
24
What is -15 - (8 + -22 + 7)?
-8
What is the value of 16 - 0 - ((-84 - -111) + -28 + 2)?
15
What is the value of (26 - (23 + -9)) + -1?
11
Evaluate -32 - -41 - (-28 + 3) - 9.
25
Evaluate (117 - 102) + -1 + -15.
-1
Evaluate -9 - (-13 - (-40 - -21)).
-15
What is 123 - 132 - (-38 - 0)?
29
What is 6 + -1 + 2 + (-4 - -1) + -1?
3
Calculate 12 - -1 - -3 - -1.
17
What is -5 + (-3 + (-5 - -15) - 0)?
2
What is (-7 - 0) + (-5 - (-11 + -1))?
0
Evaluate 14 - (-4 - (-8 + 11) - -17).
4
Calculate 29 - 17 - ((-2 - -3) + 12).
-1
Evaluate -3 + 3 + -15 + (-6 - -3).
-18
Calculate 7 + (21 + -17 - (7 + -3 - -3)).
4
Evaluate (-1 - -9) + (-1264 - -1282).
26
19 - (26 + -12 + -1) - -17
23
Evaluate -63 + 59 - (-9 + 24).
-19
What is the value of (15 - 26 - -10) + (-3 - -19)?
15
What is 7 + (-8 - 7) + 0 + (6 - 2)?
-4
What is 14 + -8 - (78 + -32 + (1 - 8))?
-33
(-2 - -1) + 17 + (-29 - (33 + -58))
12
What is the value of -7 + (4 - -3 - 5 - -2 - 10)?
-13
Evaluate (-9 - (-4 - 23)) + -4.
14
Evaluate -3 - (5 - (-7 - -4)) - -45.
34
1 + (1 - (-17 - -11)) + 6 + 6
20
Evaluate 41 + -10 + -42 + 3 + -2.
-10
What is the value of -2 + -7 - (8 + -15 + 7 + 13)?
-22
What is 30 + -34 + (-2 - -16)?
10
(11 - -5) + 18 + -57
-23
What is the value of (-3 - -10) + (2 - -2 - 13) - -12?
10
What is the value of 10 - ((-1 + 4 - 13) + (45 - 37))?
12
What is the value of (33 - 47) + 18 + 0?
4
(5 - 17) + 6 + -15 + -1 + 8
-14
Evaluate (2 - (8 - 12 - -6)) + (-13 - -41).
28
14 - (2 - -3 - (-16 - (1 + -11)))
3
What is 16 + -1 + -5 + 22 + -27?
5
What is the value of (1 - -5) + (9 - 21 - -20)?
14
What is (-1 + 0 + 0 - (-243 + 223)) + -6?
13
Calculate 40 + -33 - (8 - (5 - 6)).
-2
Calculate (20 - 3) + -5 + 15 + 1.
28
What is the value of -3 - ((-19 - -19) + -30)?
27
What is the value of 6 + 4 + (-22 - (1 - -3))?
-16
3 - (19 - (37 - 8))
13
-2 + -11 + -1 + (453 - 446)
-7
What is the value of (2 - -7 - 2) + (-11 - -3)?
-1
What is the value of -16 - (0 + -53) - 13 - -3?
27
What is the value of 1 + -2 + (5 - (10 - 7)) + 11?
12
Evaluate (6 - 0) + (-14 + (-7 - -11) - -1).
-3
Evaluate 0 - (-23 - (5 - 59)).
-31
What is the value of (14 - 35) + -39 + 40?
-20
What is the value of -1 - -6 - (15 + -9 + -14 - -21)?
-8
What is the value of (-1 - 6) + 20 + -3 - -1?
11
Calculate 40 - 42 - (0 + -7 - (15 + -19)).
1
What is the value of (4 + -1 - (-27 + 38)) + -2 + 0?
-10
Evaluate 6 - (-9 + 0 + 2 - (19 - 31)).
1
What is -6 + 0 + 6 + -7 + 9?
2
-1 + (3 - 0) + 7 + -6
3
Calculate -32 + 8 + 4 - -8 - -3.
-9
What is (-232 - -177) + (-9 - -51)?
-13
-17 + -1 + 21 + -18
-15
What is the value of (-13 - -23 - -18) + -14?
14
What is the value of -6 + 1 + 5 + (-18 - -9)?
-9
What is the value of (-2 - 1) + -4 - -11 - 1?
3
Evaluate 3 + (-6 - 3) - (0 - (6 + -7)).
-7
What is the value of 0 + (37 - 39 - (-1 - (-4 + 2)))?
-3
Calculate -7 - (-11 - (15 + 2 + -8)).
13
30 + -25 + (34 - 33)
6
-61 + 32 + -12 + 25
-16
Calculate (14 - 0 - -2) + 3 + (-13 - -8).
14
What is 3 + (-3 + -3 - -7 - 7)?
-3
Evaluate (10 - -1) + (93 - 76).
28
Evaluate 7 + (-8 - 0 - 5) - (9 - 0).
-15
What is the value of (13 - -2) + -36 + 25?
4
What is 5 + 14 + 4 + -13?
10
What is the value of -36 - (18 + (-31 - 4) - (-2 + -7))?
-28
What is the value of (9 - 6 - 4) + -1 + 9?
7
(-153 - -143) + (0 - 0)
-10
Evaluate (20 - (6 - 26)) + -21.
19
Evaluate 4 - (5 + (28 - (-3 + 4) - 6)).
-22
Evaluate -47 + 63 + (-1 - -9) - 12.
12
Evaluate 17 - ((37 - 43) + 2 + -5 + 0).
26
Calculate -16 - -2 - (6 + 3 + -16).
-7
15 + -13 + -3 + (3 - -9)
11
What is the value of 10 + (-12 - -11) - (20 + -31)?
20
3 + -2 + (-3 - -10 - (-28 - -25))
11
Evaluate -17 + (-2 - 0) + 19 + -16 + 4.
-12
What is the value of (-18 - (-20 + 6)) + 8 + 0?
4
Calculate 12 - (-6 - (-1 + -6)).
11
Calculate (-24 - (0 + -8)) + (12 - -31).
27
Calculate 1 - -11 - ((40 - 33) + -14).
19
What is the value of -2 - -7 - (1 - (-12 - -4))?
-4
Calculate 1 + -65 - (50 + -89).
-25
What is the value of -6 + 2 + -8 - -22?
10
Calculate 14 + 2 + ((2 - 4) + -4 - -4).
14
What is the value of -3 + 0 - ((8 - -2) + -16)?
3
(-12 - (-9 - (-1 + 1))) + (2 - 4)
-5
-19 + (-17 - (4 - 23))
-17
Calculate -12 - (0 + (8 - 1) + -7).
-12
What is the value of -3 + 7 + 3 + -1 + -5 - -2?
3
22 - ((9 - 4) + -6 - (-15 - -8))
16
1 - (-3 + -3 - -8 - (-3 + 3))
-1
What is the value of (3 - (1 + 0 + 2) - -13) + 1?
14
What is (-1 - 17) + (-189 - -205)?
-2
Calculate 98 + -107 + (15 - 2) + -15.
-11
What is the value of -6 + -9 + (24 - 4)?
5
Evaluate 15 - 15 - -7 - (1 + 5).
1
Calculate (-1 - -1 - (9 + 1)) + 8.
-2
What is -1 - (-15 + 2 - -13)?
-1
What is the value of 34 + -29 + -8 + 0?
-3
Evaluate -22 + 26 - 11 - ((1 - 13) + 2).
3
What is the value of -5 + (4 + -1 - 2 - -5) + 7?
8
27 + -16 + (19 - 26)
4
Calculate (-1 - -26) + (-205 - -188).
8
(-4 + -2 - -16) + -13
-3
Calculate (-18 + 0 - -1) + (27 - 33).
-23
Evaluate (-1 - (-1 + 9)) + (-133 - -122).
-20
24 + -27 + -8 + -11
-22
What is (27 - 23 - 3) + (-6 - -1)?
-4
(8 - -5) + (-7 - 27)
-21
8 + 4 + (5 + -2 - 10 - 3)
2
Evaluate 39 + 0 - 11 - 9.
19
-21 + 23 - -4 - (0 + -15)
21
(-1 - -2) + (-30 - (20 + -65))
16
-25 - (-1 + 1 - (-10 - (10 + -24)))
-21
What is 17 + (20 - 12) - 14?
11
What is the value of 2 + 4 - (-196 + 220)?
-18
400 + -403 - (3 - 6 - (-2 + -4))
-6
What is the value of (6 - (0 - 2)) + 4 + (-8 - -6)?
10
(-1 - -14) + 3 + -3
13
What is the value of (14 - 19 - 21) + 31?
5
Calculate (-4 - -16) + (5 - 13).
4
What is -16 + 15 + 16 - 1?
14
-539 + 577 - (-1 - -7)
32
Calculate 1 - 4 - (86 - 84).
-5
-13 - (7 + (66 - 76 - (-7 - 2)))
-19
Evaluate -8 + 3 + (15 - 2 - -14).
22
Evaluate -42 + 35 - (19 - 23 - (1 + 2)).
0
Calculate 2 + (-2 - -10) + (16 - 8 - 3).
15
What is 19 + (-3 - 39 - -22)?
-1
Calculate -5 + (2 + -7 - (-15 + 23)).
-18
Evaluate 14 + (-7 - -9 - -6) + -4.
18
What is 2 + (-6 - -29) + -20?
5
What is the value of 4 - (22 + (-1 + 12 - (53 - 43)))?
-19
What is 27 + (-7 - 5) - 33?
-18
What is (2 + -7 + 0 - -9) + -6?
-2
What is the value of 32 - (-5 + 19 + 16)?
2
Evaluate -14 - (18 - 33 - -14).
-13
What is (35 - -3 - 6) + -6 + -10?
16
1 + 6 + 2 + 4 + -8 + 5
10
What is -1 + 4 + -4 + 3 + (7 - 10)?
-1
Calculate (1 - 6) + -16 + 9 + 1.
-11
What is 5 + (28 - 18 - (22 - 2))?
-5
What is (-2 - 15) + 15 - (2 - 0 - 2)?
-2
Calculate 2 - -4 - (27 - 33) - 29.
-17
Evaluate 10 - (8 + (21 - 16)).
-3
-14 + 35 + -4 + -11
6
(-3 - -25) + -22 - (-4 + 3 + -6)
7
What is the value of (7 - (-20 + 25)) + 25?
27
-6 + -5 - -28 - 22
-5
(-17 + (-8 - -34) - 23) + -2
-16
Calculate -10 - (-2 - (-2 - 1) - (0 - -1)).
-10
Evaluate -15 - -2 - -1 - (-16 + 1 + 15).
-12
Evaluate -3 + (-1 - (-9 - -2 - -5)) + -15.
-17
Calculate 1 + (-4 - 3) - 2.
-8
What is -18 + 2 - (-53 + 44 - 6)?
-1
8 - (-3 - (1 + (-2 - 2)))
8
What is (1 - 0) + (-135 - -127) - (-1 + -1)?
-5
What is -3 - (7 + (9 - 37)) - 1?
17
Evaluate -1 + (-2 - -4 - (14 + -14)) + -10.
-9
-11 - -11 - (18 - 35)
17
What is the value of (-2 - (6 - -1)) + (3 - (7 + 3))?
-16
Evaluate 157 - 170 - (0 + 0 - (4 + -7)).
-16
What is -17 - (-7 + (11 - 21))?
0
What is 10 - (-28 + 10 + 47)?
-19
-17 - (-40 +